et b be 404/(-36) + (-74)/(-333). Let q(i) = -i**2 - 14*i - 14. Calculate q(b).
19
Let f(t) = -40 + 10*t + 59383*t**2 - 59366*t**2 + 4 + t**3. Calculate f(-16).
60
Let r(o) = -3*o - 18. Let i(w) = -1. Let p(u) = -6*i(u) + r(u). Let q = 32268 + -32274. Determine p(q).
6
Let f(a) be the second derivative of -1/3*a**3 + 0 - 2*a**2 + 28*a. Calculate f(-4).
4
Let q(r) be the third derivative of 1/4*r**4 + 0 - 55*r**2 - 1/2*r**3 + 0*r - 1/60*r**5. What is q(3)?
6
Let u(z) = -z**2 + 18*z - 12. Suppose 2*h - 4*a - 52 = 0, 15*a - 17*a = h - 10. Suppose r - 35 + h = 4*b, -3*b = -r + 17. Determine u(r).
5
Let l(o) = -o**2 + 18*o - 47. Let y(t) = t**2 - 19*t + 80. Let p(j) = 4*l(j) + 3*y(j). What is p(16)?
36
Let f(j) = -j**3 + 8*j**2 + 2*j - 12. Suppose 2*k - 2*l = 3*l - 3245, -2*k = -3*l + 3243. Let q be k/(-198) + (-3)/33*2. Calculate f(q).
4
Suppose 6*m = m + 102 - 2. Let q(l) = 7*l - 140. Give q(m).
0
Let z(l) be the third derivative of -l**5/30 - l**4/24 - 5*l**3/6 - 1819*l**2. Calculate z(-2).
-11
Let p(g) be the second derivative of -1/3*g**4 + g - 1/2*g**3 - 1/20*g**5 - 3/2*g**2 + 0. Let u = -59297 + 59294. Calculate p(u).
-3
Let z(o) be the second derivative of o**3/6 + 7*o**2 - 1035*o. What is z(-7)?
7
Let r(l) = 4*l**2 - 4*l - 4. Suppose -119 = 126*c + 259. Determine r(c).
44
Let b(q) = 2*q. Let z(p) = 98*p + 3 - 84*p - 8 - 4. Let v(l) = -6*b(l) + z(l). Give v(5).
1
Let u(w) = -8*w - 9*w - 24*w + 18*w + 108*w. Determine u(1).
85
Let t(b) be the third derivative of -b**6/360 - b**5/120 - b**4/24 + 47*b**3/2 - 132*b**2. Let l(a) be the first derivative of t(a). Calculate l(-2).
-3
Let w(a) = 61*a - 71. Let o(h) = 158*h - 141. Let t(n) = 2*o(n) - 5*w(n). What is t(-6)?
7
Let m(u) = -u + 4. Let l(t) = -t**2 + 2*t - 19. Suppose 2*w + 23 - 39 = 0. Let j be l(w). Let a = -70 - j. Calculate m(a).
7
Suppose -3*v = 42 - 15. Let f(a) = 16 - 7 + a**3 - 2*a**3 + 31072*a**2 + 10*a - 31080*a**2. Determine f(v).
0
Let p(t) = t**3 + 18*t**2 + 16*t - 20. Let m(c) = -363*c + 2524. Let a be m(7). What is p(a)?
-3
Let p(l) be the first derivative of l**4/4 + 7*l**3/3 + 5*l**2/2 - 2*l - 1943. What is p(-5)?
23
Let l = -5018 + 5017. Suppose -4*o - 1 = -9. Let z(x) = -2*x**o + 8*x**2 - 6*x**2 + 6*x**3. Determine z(l).
-6
Let g(f) = -2*f**3 - 29 + 15*f**2 - 20 + 7*f**3 + 1 - 4*f**3 - 4*f. Calculate g(-15).
12
Let b(a) = -a**2 + a - 1. Let x(c) = 7*c**2 - c + 2. Let j(f) = -6*b(f) - x(f). Suppose -4*q + 4*o - 8 = 0, 5*q - 7*o + 40 = -8*o. Calculate j(q).
-10
Let u(t) = t**3 + t**2 - t - 51. Suppose -41*p + 11 = -30. Let j be (-4 - -4)/(3 + (p - 0)). Give u(j).
-51
Let m(k) be the first derivative of -k**4/4 - 13*k**3/3 + k**2/2 + 7*k - 3368. Let x be (13/(-3))/(1/3). Give m(x).
-6
Let c(d) = 10*d + 51. Let q be (-6)/10*75/15 + 8 + -10. What is c(q)?
1
Let s(i) = -10*i**3 + 10*i**2 + 12*i - 24. Let o(u) = 29*u**3 - 29*u**2 - 34*u + 64. Let t(n) = 3*o(n) + 8*s(n). Calculate t(-1).
-8
Let p(k) be the second derivative of k**5/20 - 7*k**4/12 + 7*k**3/6 - k**2 - k. Suppose 55870 - 56210 = -68*m. Calculate p(m).
-17
Let p(v) = v + 6. Let a(m) = -m**3 - 27*m**2 - 25*m + 26. Let u be a(-26). Suppose 2 = g - u. Let c be (g/(-9) + (-93)/(-54))*-4. Determine p(c).
0
Suppose -6*g + g - 25 = 0, 2*j - 6 = -2*g. Let q(o) = -10 - j*o + 12 + 3*o**2 - 2*o**2. Let m = -34 + 39. Calculate q(m).
-13
Let r(i) be the first derivative of -2/3*i**3 - 1/6*i**4 - 5/2*i**2 + 18 - 5*i. Let n(k) be the first derivative of r(k). Determine n(-4).
-21
Let a be 4/8 - ((-108)/8 + 3). Let p(t) = -t**2 - 29 + 27 - 3*t**2 + a*t. Let i(j) = -5*j**2 + 12*j - 3. Let l(z) = 5*i(z) - 6*p(z). Calculate l(-4).
5
Let i(n) = 31 + 0*n + 37*n**3 + 7*n + 2*n + 4*n - 38*n**3 - 11*n**2. Give i(-12).
19
Let f(d) = -13*d**2 - 6*d + 9. Let p(j) = -6*j**2 - 3*j + 4. Let y(c) = -3*f(c) + 7*p(c). Suppose -2*s - 13 = 3*w, -1105*s + 1106*s = 5*w + 13. What is y(w)?
-17
Let c(f) = -5*f**3 - f**2 - 8*f - 10. Suppose -7*s - 22 = -2*s - y, 4*s + 18 = y. Let w(o) = 4*o**3 + 2*o**2 + 7*o + 9. Let j(x) = s*w(x) - 3*c(x). Give j(-4).
-6
Let n(a) be the second derivative of -2*a - 1/12*a**4 + 0 + a**2 + 1/2*a**3. Let g = 3374 - 3370. Determine n(g).
-2
Let q be (-58)/(-4) - 9/6. Suppose 8 + 28 = 2*h. Let m(c) = h*c**2 + 1 + q*c**2 - 32*c**2. Calculate m(2).
-3
Let j(f) be the first derivative of f**5/20 + 5*f**4/6 + 5*f**3/3 + f**2/2 + 4*f - 50. Let l(w) be the first derivative of j(w). Give l(-9).
-8
Let u(q) be the first derivative of -q**4/4 + 13*q**3/3 - 15*q**2 - 6*q + 1617. Give u(10).
-6
Let h be 51/(6*(-4)/(-40)). Let o(i) = h*i**2 - i**3 - 48*i**2 - 4*i - 1 - 43*i**2. Calculate o(-4).
-17
Let r(c) = c**2 - 12*c - 3. Let f(w) = -w**2 + 11*w + 2. Let z(k) = -6*f(k) - 5*r(k). Let p be 1/2*(-24)/(-2) + -2. Give z(p).
-5
Let u(v) = -v + 8. Let g(i) = -i + 7. Suppose 0 = -4*k + 5*j - 3, 2*k + 0*j + 7 = -3*j. Let b be g(k). Determine u(b).
-1
Let n(u) = -5*u + 4*u - 5 + 15*u + 4. Let c be (4/4)/(-1 + (-2)/(-1)). Determine n(c).
13
Let i(j) be the second derivative of 3 - j**3 + 1/12*j**4 + j - 1/2*j**2. Give i(7).
6
Let v(s) = -2*s**2 - 27*s - 7. Suppose 4*j - 42 = 2*p, 17*p + j + 22 = 15*p. Give v(p).
6
Let w(z) be the first derivative of 7*z**2/2 - 75*z - 4577. Calculate w(11).
2
Let j = 40846 - 40817. Let a(r) = 2*r**2 - 56*r - 46. Determine a(j).
12
Suppose -93*w - 716 = -2576. Let d(p) = 3*p - 71. Calculate d(w).
-11
Let k(q) = -4 + q**3 + 19*q**2 + 5 - 16*q**2 + 0*q - 3*q. Let j be ((-14)/(-3))/2 + (-4)/3. Let b be (j/2)/((-1)/6). Calculate k(b).
10
Let a(v) = 29 + 18 - 63 + 6*v**2 + v**3 - 2*v + 20. What is a(-6)?
16
Let p(o) be the second derivative of 25*o**3/6 - 143*o**2 - 2830*o. Determine p(12).
14
Suppose -4*w - 4*y = -48, -54 = -2*w - 3*w - 2*y. Let g(u) = -u**2 + 9*u + 8. Determine g(w).
-2
Let q(g) = -502*g + 986. Let w be q(2). Let t(m) = 22*m + 401. Calculate t(w).
5
Let t = -170 + 172. Let n(s) = -2*s**2 - 10*s**t + 0*s**3 + 20 + s**3 + 11*s**2. Give n(0).
20
Let y(x) = 4*x - 3. Let h = -344 - -346. Suppose -12*w = h*w + 42. Calculate y(w).
-15
Let u(c) = 3*c - 2. Suppose -4*d - 5*k + 1 - 2 = 0, -3*d = 2*k - 1. Let x(v) = d - 4 + 0 + 18*v - 8. Let p(i) = -34*u(i) + 6*x(i). What is p(-2)?
-10
Let a(x) = -x**2 - 11*x - 14. Let r be (-4)/(-5 + 6/90*81). Give a(r).
-4
Suppose -k + 0*k - 9 = 0. Let b be 2/k - 58/(-18). Let q(a) = 2*a**b - 4*a**3 - 3*a**2 + a**3 + 2*a - 3. Give q(-4).
5
Suppose -72*k + 3725 = -67*k. Let o(f) = -k*f - 1 - 741*f - 10*f**2 + 1475*f + f**3. What is o(11)?
-1
Let s(y) = 1. Let u be 1*(-45)/5 + 3. Let g(w) be the third derivative of -w**4/8 + w**3 - 2*w**2. Let l(t) = u*s(t) + g(t). Give l(-3).
9
Let h(c) = 8*c**2 + 13*c + 4. Let n be h(10). Let s = n - 356. Let x(u) = -582 + 0*u - u + 2*u**2 - 2*u + s. Determine x(3).
5
Let k(x) = -12*x**3 - 16*x**2 - 5*x. Let l(p) = 7*p**3 + 9*p**2 + 2*p + 1. Let r(s) = -4*k(s) - 7*l(s). Calculate r(3).
-7
Let t = 11288 + -11287. Let j(y) be the first derivative of 3*y**2 + y - 1. Calculate j(t).
7
Let t(y) = 12*y - 12*y - 16 + 0*y + y. Let b = -114 - -114. Determine t(b).
-16
Let j(c) be the second derivative of 3/2*c**2 - 81 + c - 5/3*c**3. Determine j(1).
-7
Let a(n) be the first derivative of 5*n**3/3 - 107*n**2/2 + 41*n - 196. What is a(21)?
-1
Let l(o) = -o**3 - 11*o**2 - 15. Let c = 660 + -559. Let g = c + -112. Give l(g).
-15
Let o(f) = -3*f + f - 1 + 0*f - 4*f**2. Let h(l) = -11*l**2 - 21*l + 17. Let a(m) = 5*m**2 + 10*m - 8. Let w(y) = 7*a(y) + 3*h(y). Let b be w(-4). What is o(b)?
-3
Let z(g) = -2 + 0 - g**3 + 3 - 2*g**2. Let r be (21 + -22)*-1*5. Suppose r*s + 21 = -0*s - 3*n, 2 = -4*s + 5*n. What is z(s)?
10
Let k(c) = c + 22. Suppose -3*l + 2*v + 64 = 0, -3*v = 5*l - 85 - 28. Calculate k(l).
44
Let o(m) = -11*m + 6. Let b(z) = 2. Let k(j) = 5*b(j) + o(j). Calculate k(4).
-28
Let a(r) = 4*r**2 - 7*r - 12. Let i(d) = -5*d**2 + 7*d + 14. Let o(v) = -6*a(v) - 5*i(v). Calculate o(-7).
2
Let u(d) be the third derivative of d**6/120 + d**5/12 - 25*d**4/24 - 18*d**3 + 2*d**2 - 21. Let t be u(-6). Let f(r) = r**2 - 7*r + 6. Determine f(t).
0
Let r(m) = m**2 + 9*m - 25. Suppose -5*c + 5*j - 35 = 0, -14*c - j = -9*c + 71. What is r(c)?
27
Let m(o) = -o**2 - 20*o + 16. Let r = -8759 + 8738. Give m(r).
-5
Let j(c) = -c**2 - 3*c + 6. Let m be (-2)/(5 - 7